{"id":314,"date":"2022-04-13T09:19:10","date_gmt":"2022-04-13T09:19:10","guid":{"rendered":"https:\/\/www.atalaya.eu\/actualidad\/?page_id=314"},"modified":"2022-05-20T09:16:32","modified_gmt":"2022-05-20T09:16:32","slug":"banco-de-imagenes","status":"publish","type":"page","link":"https:\/\/www.atalaya.eu\/actualidad\/banco-de-imagenes\/","title":{"rendered":"Banco de Im\u00e1genes"},"content":{"rendered":"<h1 class=\"borde\">Banco de Im\u00e1genes<\/h1>\n\n\n<div class=\"wp-block-columns is-layout-flex wp-container-core-columns-is-layout-9d6595d7 wp-block-columns-is-layout-flex\">\n<div class=\"wp-block-column is-layout-flow wp-block-column-is-layout-flow\" style=\"flex-basis:100%\"><div class='photonic-wp-stream photonic-stream ' id='photonic-wp-stream-1'>\n\t<div id='photonic-wp-stream-1-container' class='title-display-tooltip photonic-level-1-container photonic-standard-layout photonic-thumbnail-effect-none sizes-present '  data-photonic-platform=\"wp\" data-photonic-query=\"order=ASC&amp;orderby=post__in&amp;id=314&amp;itemtag=figure&amp;icontag=div&amp;captiontag=figcaption&amp;size=thumbnail&amp;include=745,742,710,242,712,352,297,276,188,288&amp;exclude=&amp;link=&amp;layout=square&amp;more=&amp;display=in-page&amp;panel=&amp;filter=&amp;filter_type=include&amp;fx=slide&amp;timeout=4000&amp;speed=3000&amp;pause=1&amp;strip-style=thumbs&amp;controls=show&amp;popup=hide&amp;custom_classes=&amp;alignment=&amp;caption=title&amp;page=1&amp;count=-1&amp;thumb_width=75&amp;thumb_height=75&amp;thumb_size=thumbnail&amp;slide_size=large&amp;slideshow_height=500&amp;type=default&amp;style=square&amp;ids=745,742,710,242,712,352,297,276,188,288&amp;columns=auto&amp;main_size=full\"  data-photonic-gallery-columns=\"auto\" style='--tile-min-height: 200px'>\n<figure class='photonic-pad-photos photonic-level-1 photonic-thumb'  style='--dw: 150; --dh: 150' >\n\t\t\t<a  class='photonic-lb photonic-baguettebox baguettebox'  rel='lightbox-photonic-wp-stream-1'  href=\"https:\/\/www.atalaya.eu\/actualidad\/wp-content\/uploads\/2022\/05\/Isabel-del-Campo.jpg\" title=\"Isabel del Campo. Directora general operativa Atalaya\" data-title=\"&lt;a href=&#039;https:\/\/www.atalaya.eu\/actualidad\/banco-de-imagenes\/attachment\/isabel-del-campo\/&#039; &gt;Isabel del Campo. Directora general operativa Atalaya&lt;\/a&gt;\" data-photonic-tooltip=\"Isabel del Campo. Directora general operativa Atalaya\"   data-photonic-media-type=\"image\"  data-content-type=\"image\"  data-photonic-deep=\"gallery[photonic-wp-stream-1]\/745\/\" >\n\t\t\t\t<img decoding=\"async\" alt=\"Isabel del Campo. Directora general operativa Atalaya\" src=\"https:\/\/www.atalaya.eu\/actualidad\/wp-content\/uploads\/2022\/05\/Isabel-del-Campo-150x150.jpg\"  class='square'  loading='eager'  width='150' height='150' \/>\n\t\t\t\t\n\t\t\t<\/a>\n\t\t<\/figure>\n\t\t<figure class='photonic-pad-photos photonic-level-1 photonic-thumb'  style='--dw: 150; --dh: 150' >\n\t\t\t<a  class='photonic-lb photonic-baguettebox baguettebox'  rel='lightbox-photonic-wp-stream-1'  href=\"https:\/\/www.atalaya.eu\/actualidad\/wp-content\/uploads\/2022\/05\/IMG-20220511-WA0005.jpg\" title=\"Miguel \u00c1ngel Franc Socio fundador Atalaya\" data-title=\"&lt;a href=&#039;https:\/\/www.atalaya.eu\/actualidad\/banco-de-imagenes\/attachment\/img-20220511-wa0005\/&#039; &gt;Miguel \u00c1ngel Franc Socio fundador Atalaya&lt;\/a&gt;\" data-photonic-tooltip=\"Miguel \u00c1ngel Franc Socio fundador Atalaya\"   data-photonic-media-type=\"image\"  data-content-type=\"image\"  data-photonic-deep=\"gallery[photonic-wp-stream-1]\/742\/\" >\n\t\t\t\t<img decoding=\"async\" alt=\"Miguel \u00c1ngel Franc Socio fundador Atalaya\" src=\"https:\/\/www.atalaya.eu\/actualidad\/wp-content\/uploads\/2022\/05\/IMG-20220511-WA0005-150x150.jpg\"  class='square'  loading='eager'  width='150' height='150' \/>\n\t\t\t\t\n\t\t\t<\/a>\n\t\t<\/figure>\n\t\t<figure class='photonic-pad-photos photonic-level-1 photonic-thumb'  style='--dw: 150; --dh: 150' >\n\t\t\t<a  class='photonic-lb photonic-baguettebox baguettebox'  rel='lightbox-photonic-wp-stream-1'  href=\"https:\/\/www.atalaya.eu\/actualidad\/wp-content\/uploads\/2022\/05\/Foto-2.-Palomar-de-los-Arroyos.jpg\" title=\"Balsa en la antigua mina de Palomar de los Arroyos\" data-title=\"&lt;a href=&#039;https:\/\/www.atalaya.eu\/actualidad\/banco-de-imagenes\/attachment\/foto-2-palomar-de-los-arroyos\/&#039; &gt;Balsa en la antigua mina de Palomar de los Arroyos&lt;\/a&gt;\" data-photonic-tooltip=\"Balsa en la antigua mina de Palomar de los Arroyos\"   data-photonic-media-type=\"image\"  data-content-type=\"image\"  data-photonic-deep=\"gallery[photonic-wp-stream-1]\/710\/\" >\n\t\t\t\t<img decoding=\"async\" alt=\"Balsa en la antigua mina de Palomar de los Arroyos\" src=\"https:\/\/www.atalaya.eu\/actualidad\/wp-content\/uploads\/2022\/05\/Foto-2.-Palomar-de-los-Arroyos-150x150.jpg\"  class='square'  loading='eager'  width='150' height='150' \/>\n\t\t\t\t\n\t\t\t<\/a>\n\t\t<\/figure>\n\t\t<figure class='photonic-pad-photos photonic-level-1 photonic-thumb'  style='--dw: 150; --dh: 150' >\n\t\t\t<a  class='photonic-lb photonic-baguettebox baguettebox'  rel='lightbox-photonic-wp-stream-1'  href=\"https:\/\/www.atalaya.eu\/actualidad\/wp-content\/uploads\/2022\/04\/pedro-machin-presidente-energias-aragon.jpg\" title=\"Pedro Mach\u00edn Socio fundador Atalaya\" data-title=\"&lt;a href=&#039;https:\/\/www.atalaya.eu\/actualidad\/noticias\/pedro-machin-es-nombrado-presidente-del-cluster-de-la-energia-de-aragon\/attachment\/pedro-machin-presidente-energias-aragon\/&#039; &gt;Pedro Mach\u00edn Socio fundador Atalaya&lt;\/a&gt;\" data-photonic-tooltip=\"Pedro Mach\u00edn Socio fundador Atalaya\"   data-photonic-media-type=\"image\"  data-content-type=\"image\"  data-photonic-deep=\"gallery[photonic-wp-stream-1]\/242\/\" >\n\t\t\t\t<img decoding=\"async\" alt=\"Pedro Mach\u00edn Socio fundador Atalaya\" src=\"https:\/\/www.atalaya.eu\/actualidad\/wp-content\/uploads\/2022\/04\/pedro-machin-presidente-energias-aragon-150x150.jpg\"  class='square'  loading='eager'  width='150' height='150' \/>\n\t\t\t\t\n\t\t\t<\/a>\n\t\t<\/figure>\n\t\t<figure class='photonic-pad-photos photonic-level-1 photonic-thumb'  style='--dw: 150; --dh: 150' >\n\t\t\t<a  class='photonic-lb photonic-baguettebox baguettebox'  rel='lightbox-photonic-wp-stream-1'  href=\"https:\/\/www.atalaya.eu\/actualidad\/wp-content\/uploads\/2022\/05\/Foto-1.-Estercuel.jpg\" title=\"Balsa de la antigua mina de Estercuel (Teruel)\" data-title=\"&lt;a href=&#039;https:\/\/www.atalaya.eu\/actualidad\/banco-de-imagenes\/attachment\/foto-1-estercuel\/&#039; &gt;Balsa de la antigua mina de Estercuel (Teruel)&lt;\/a&gt;\" data-photonic-tooltip=\"Balsa de la antigua mina de Estercuel (Teruel)\"   data-photonic-media-type=\"image\"  data-content-type=\"image\"  data-photonic-deep=\"gallery[photonic-wp-stream-1]\/712\/\" >\n\t\t\t\t<img decoding=\"async\" alt=\"Balsa de la antigua mina de Estercuel (Teruel)\" src=\"https:\/\/www.atalaya.eu\/actualidad\/wp-content\/uploads\/2022\/05\/Foto-1.-Estercuel-150x150.jpg\"  class='square'  loading='eager'  width='150' height='150' \/>\n\t\t\t\t\n\t\t\t<\/a>\n\t\t<\/figure>\n\t\t<figure class='photonic-pad-photos photonic-level-1 photonic-thumb'  style='--dw: 150; --dh: 150' >\n\t\t\t<a  class='photonic-lb photonic-baguettebox baguettebox'  rel='lightbox-photonic-wp-stream-1'  href=\"https:\/\/www.atalaya.eu\/actualidad\/wp-content\/uploads\/2022\/04\/Hidroelectrica-reversible-en-Burgos.jpg\" title=\"Hidroelectrica reversible en Burgos\" data-title=\"&lt;a href=&#039;https:\/\/www.atalaya.eu\/actualidad\/noticias\/atalaya-generacion-plantea-construir-una-central-hidroelectrica-reversible-con-una-potencia-de-606-mw-en-la-provincia-de-burgos\/attachment\/hidroelectrica-reversible-en-burgos\/&#039; &gt;Hidroelectrica reversible en Burgos&lt;\/a&gt;\" data-photonic-tooltip=\"Hidroelectrica reversible en Burgos\"   data-photonic-media-type=\"image\"  data-content-type=\"image\"  data-photonic-deep=\"gallery[photonic-wp-stream-1]\/352\/\" >\n\t\t\t\t<img decoding=\"async\" alt=\"Hidroelectrica reversible en Burgos\" src=\"https:\/\/www.atalaya.eu\/actualidad\/wp-content\/uploads\/2022\/04\/Hidroelectrica-reversible-en-Burgos-150x150.jpg\"  class='square'  loading='eager'  width='150' height='150' \/>\n\t\t\t\t\n\t\t\t<\/a>\n\t\t<\/figure>\n\t\t<figure class='photonic-pad-photos photonic-level-1 photonic-thumb'  style='--dw: 150; --dh: 150' >\n\t\t\t<a  class='photonic-lb photonic-baguettebox baguettebox'  rel='lightbox-photonic-wp-stream-1'  href=\"https:\/\/www.atalaya.eu\/actualidad\/wp-content\/uploads\/2022\/04\/Visita-Kuhnel-ATALAYA-GENERACION-2.jpg\" title=\"Visita-Kuhnel-ATALAYA-GENERACION-2\" data-title=\"&lt;a href=&#039;https:\/\/www.atalaya.eu\/actualidad\/noticias\/visita-de-kuhnel-escuela-de-negocios-a-la-planta-fotovoltaica-de-sadaba-de-iasol-empresa-del-grupo\/attachment\/visita-kuhnel-atalaya-generacion-2\/&#039; &gt;Visita-Kuhnel-ATALAYA-GENERACION-2&lt;\/a&gt;\" data-photonic-tooltip=\"Visita-Kuhnel-ATALAYA-GENERACION-2\"   data-photonic-media-type=\"image\"  data-content-type=\"image\"  data-photonic-deep=\"gallery[photonic-wp-stream-1]\/297\/\" >\n\t\t\t\t<img decoding=\"async\" alt=\"Visita-Kuhnel-ATALAYA-GENERACION-2\" src=\"https:\/\/www.atalaya.eu\/actualidad\/wp-content\/uploads\/2022\/04\/Visita-Kuhnel-ATALAYA-GENERACION-2-150x150.jpg\"  class='square'  loading='eager'  width='150' height='150' \/>\n\t\t\t\t\n\t\t\t<\/a>\n\t\t<\/figure>\n\t\t<figure class='photonic-pad-photos photonic-level-1 photonic-thumb'  style='--dw: 150; --dh: 150' >\n\t\t\t<a  class='photonic-lb photonic-baguettebox baguettebox'  rel='lightbox-photonic-wp-stream-1'  href=\"https:\/\/www.atalaya.eu\/actualidad\/wp-content\/uploads\/2022\/04\/Acuerdo-Solarwatt-Iasol-Aragon.jpg\" title=\"Acuerdo-Solarwatt-Iasol-Aragon\" data-title=\"&lt;a href=&#039;https:\/\/www.atalaya.eu\/actualidad\/noticias\/iasol-y-solarwatt-se-alian-para-fomentar-el-autoconsumo-fotovoltaico-en-aragon\/attachment\/acuerdo-solarwatt-iasol-aragon\/&#039; &gt;Acuerdo-Solarwatt-Iasol-Aragon&lt;\/a&gt;\" data-photonic-tooltip=\"Acuerdo-Solarwatt-Iasol-Aragon\"   data-photonic-media-type=\"image\"  data-content-type=\"image\"  data-photonic-deep=\"gallery[photonic-wp-stream-1]\/276\/\" >\n\t\t\t\t<img decoding=\"async\" alt=\"Acuerdo-Solarwatt-Iasol-Aragon\" src=\"https:\/\/www.atalaya.eu\/actualidad\/wp-content\/uploads\/2022\/04\/Acuerdo-Solarwatt-Iasol-Aragon-150x150.jpg\"  class='square'  loading='eager'  width='150' height='150' \/>\n\t\t\t\t\n\t\t\t<\/a>\n\t\t<\/figure>\n\t\t<figure class='photonic-pad-photos photonic-level-1 photonic-thumb'  style='--dw: 150; --dh: 150' >\n\t\t\t<a  class='photonic-lb photonic-baguettebox baguettebox'  rel='lightbox-photonic-wp-stream-1'  href=\"https:\/\/www.atalaya.eu\/actualidad\/wp-content\/uploads\/2022\/04\/plan-clusters-aragon.jpg\" title=\"plan-clusters-aragon\" data-title=\"&lt;a href=&#039;https:\/\/www.atalaya.eu\/actualidad\/noticias\/presentacion-del-plan-de-clusters-de-aragon-2018-2020\/attachment\/plan-clusters-aragon\/&#039; &gt;plan-clusters-aragon&lt;\/a&gt;\" data-photonic-tooltip=\"plan-clusters-aragon\"   data-photonic-media-type=\"image\"  data-content-type=\"image\"  data-photonic-deep=\"gallery[photonic-wp-stream-1]\/188\/\" >\n\t\t\t\t<img decoding=\"async\" alt=\"plan-clusters-aragon\" src=\"https:\/\/www.atalaya.eu\/actualidad\/wp-content\/uploads\/2022\/04\/plan-clusters-aragon-150x150.jpg\"  class='square'  loading='eager'  width='150' height='150' \/>\n\t\t\t\t\n\t\t\t<\/a>\n\t\t<\/figure>\n\t\t<figure class='photonic-pad-photos photonic-level-1 photonic-thumb'  style='--dw: 150; --dh: 150' >\n\t\t\t<a  class='photonic-lb photonic-baguettebox baguettebox'  rel='lightbox-photonic-wp-stream-1'  href=\"https:\/\/www.atalaya.eu\/actualidad\/wp-content\/uploads\/2022\/04\/cluster-EnergiaAragon-Atalaya-Generacion-heraldo.jpg\" title=\"cluster-EnergiaAragon-Atalaya-Generacion-heraldo\" data-title=\"&lt;a href=&#039;https:\/\/www.atalaya.eu\/actualidad\/noticias\/atalaya-generacion-se-suma-como-socio-fundador-al-cluster-de-la-energia-de-aragon\/attachment\/cluster-energiaaragon-atalaya-generacion-heraldo\/&#039; &gt;cluster-EnergiaAragon-Atalaya-Generacion-heraldo&lt;\/a&gt;\" data-photonic-tooltip=\"cluster-EnergiaAragon-Atalaya-Generacion-heraldo\"   data-photonic-media-type=\"image\"  data-content-type=\"image\"  data-photonic-deep=\"gallery[photonic-wp-stream-1]\/288\/\" >\n\t\t\t\t<img decoding=\"async\" alt=\"cluster-EnergiaAragon-Atalaya-Generacion-heraldo\" src=\"https:\/\/www.atalaya.eu\/actualidad\/wp-content\/uploads\/2022\/04\/cluster-EnergiaAragon-Atalaya-Generacion-heraldo-150x150.jpg\"  class='square'  loading='eager'  width='150' height='150' \/>\n\t\t\t\t\n\t\t\t<\/a>\n\t\t<\/figure>\n\t<\/div> <!-- .\/photonic-level-1-container -->\n<span id='photonic-wp-stream-1-container-end'><\/span>\n<\/div><!-- .photonic-stream or .photonic-panel -->\n<\/div>\n<\/div>\n","protected":false},"excerpt":{"rendered":"<p>Banco de Im\u00e1genes<\/p>\n","protected":false},"author":1,"featured_media":0,"parent":0,"menu_order":0,"comment_status":"closed","ping_status":"closed","template":"","meta":{"inline_featured_image":false,"site-sidebar-layout":"default","site-content-layout":"default","ast-main-header-display":"","ast-hfb-above-header-display":"","ast-hfb-below-header-display":"","ast-hfb-mobile-header-display":"","site-post-title":"disabled","ast-breadcrumbs-content":"","ast-featured-img":"","footer-sml-layout":"","theme-transparent-header-meta":"default","adv-header-id-meta":"","stick-header-meta":"","header-above-stick-meta":"","header-main-stick-meta":"","header-below-stick-meta":"","footnotes":""},"class_list":["post-314","page","type-page","status-publish","hentry"],"yoast_head":"<!-- This site is optimized with the Yoast SEO plugin v18.5.1 - https:\/\/yoast.com\/wordpress\/plugins\/seo\/ -->\n<title>Banco de Im\u00e1genes - ATALAYA Generaci\u00f3n E\u00f3lica<\/title>\n<meta name=\"robots\" content=\"index, follow, max-snippet:-1, max-image-preview:large, max-video-preview:-1\" \/>\n<link rel=\"canonical\" href=\"https:\/\/www.atalaya.eu\/actualidad\/banco-de-imagenes\/\" \/>\n<meta property=\"og:locale\" content=\"es_ES\" \/>\n<meta property=\"og:type\" content=\"article\" \/>\n<meta property=\"og:title\" content=\"Banco de Im\u00e1genes - ATALAYA Generaci\u00f3n E\u00f3lica\" \/>\n<meta property=\"og:description\" content=\"Banco de Im\u00e1genes\" \/>\n<meta property=\"og:url\" content=\"https:\/\/www.atalaya.eu\/actualidad\/banco-de-imagenes\/\" \/>\n<meta property=\"og:site_name\" content=\"ATALAYA Generaci\u00f3n E\u00f3lica\" \/>\n<meta property=\"article:modified_time\" content=\"2022-05-20T09:16:32+00:00\" \/>\n<meta name=\"twitter:card\" content=\"summary_large_image\" \/>\n<meta name=\"twitter:label1\" content=\"Tiempo de lectura\" \/>\n\t<meta name=\"twitter:data1\" content=\"1 minuto\" \/>\n<script type=\"application\/ld+json\" class=\"yoast-schema-graph\">{\"@context\":\"https:\/\/schema.org\",\"@graph\":[{\"@type\":\"WebSite\",\"@id\":\"https:\/\/www.atalaya.eu\/actualidad\/#website\",\"url\":\"https:\/\/www.atalaya.eu\/actualidad\/\",\"name\":\"ATALAYA Generaci\u00f3n E\u00f3lica\",\"description\":\"ATALAYA Generaci\u00f3n E\u00f3lica\",\"potentialAction\":[{\"@type\":\"SearchAction\",\"target\":{\"@type\":\"EntryPoint\",\"urlTemplate\":\"https:\/\/www.atalaya.eu\/actualidad\/?s={search_term_string}\"},\"query-input\":\"required name=search_term_string\"}],\"inLanguage\":\"es\"},{\"@type\":\"WebPage\",\"@id\":\"https:\/\/www.atalaya.eu\/actualidad\/banco-de-imagenes\/#webpage\",\"url\":\"https:\/\/www.atalaya.eu\/actualidad\/banco-de-imagenes\/\",\"name\":\"Banco de Im\u00e1genes - ATALAYA Generaci\u00f3n E\u00f3lica\",\"isPartOf\":{\"@id\":\"https:\/\/www.atalaya.eu\/actualidad\/#website\"},\"datePublished\":\"2022-04-13T09:19:10+00:00\",\"dateModified\":\"2022-05-20T09:16:32+00:00\",\"breadcrumb\":{\"@id\":\"https:\/\/www.atalaya.eu\/actualidad\/banco-de-imagenes\/#breadcrumb\"},\"inLanguage\":\"es\",\"potentialAction\":[{\"@type\":\"ReadAction\",\"target\":[\"https:\/\/www.atalaya.eu\/actualidad\/banco-de-imagenes\/\"]}]},{\"@type\":\"BreadcrumbList\",\"@id\":\"https:\/\/www.atalaya.eu\/actualidad\/banco-de-imagenes\/#breadcrumb\",\"itemListElement\":[{\"@type\":\"ListItem\",\"position\":1,\"name\":\"Portada\",\"item\":\"https:\/\/www.atalaya.eu\/actualidad\/\"},{\"@type\":\"ListItem\",\"position\":2,\"name\":\"Banco de Im\u00e1genes\"}]}]}<\/script>\n<!-- \/ Yoast SEO plugin. -->","yoast_head_json":{"title":"Banco de Im\u00e1genes - ATALAYA Generaci\u00f3n E\u00f3lica","robots":{"index":"index","follow":"follow","max-snippet":"max-snippet:-1","max-image-preview":"max-image-preview:large","max-video-preview":"max-video-preview:-1"},"canonical":"https:\/\/www.atalaya.eu\/actualidad\/banco-de-imagenes\/","og_locale":"es_ES","og_type":"article","og_title":"Banco de Im\u00e1genes - ATALAYA Generaci\u00f3n E\u00f3lica","og_description":"Banco de Im\u00e1genes","og_url":"https:\/\/www.atalaya.eu\/actualidad\/banco-de-imagenes\/","og_site_name":"ATALAYA Generaci\u00f3n E\u00f3lica","article_modified_time":"2022-05-20T09:16:32+00:00","twitter_card":"summary_large_image","twitter_misc":{"Tiempo de lectura":"1 minuto"},"schema":{"@context":"https:\/\/schema.org","@graph":[{"@type":"WebSite","@id":"https:\/\/www.atalaya.eu\/actualidad\/#website","url":"https:\/\/www.atalaya.eu\/actualidad\/","name":"ATALAYA Generaci\u00f3n E\u00f3lica","description":"ATALAYA Generaci\u00f3n E\u00f3lica","potentialAction":[{"@type":"SearchAction","target":{"@type":"EntryPoint","urlTemplate":"https:\/\/www.atalaya.eu\/actualidad\/?s={search_term_string}"},"query-input":"required name=search_term_string"}],"inLanguage":"es"},{"@type":"WebPage","@id":"https:\/\/www.atalaya.eu\/actualidad\/banco-de-imagenes\/#webpage","url":"https:\/\/www.atalaya.eu\/actualidad\/banco-de-imagenes\/","name":"Banco de Im\u00e1genes - ATALAYA Generaci\u00f3n E\u00f3lica","isPartOf":{"@id":"https:\/\/www.atalaya.eu\/actualidad\/#website"},"datePublished":"2022-04-13T09:19:10+00:00","dateModified":"2022-05-20T09:16:32+00:00","breadcrumb":{"@id":"https:\/\/www.atalaya.eu\/actualidad\/banco-de-imagenes\/#breadcrumb"},"inLanguage":"es","potentialAction":[{"@type":"ReadAction","target":["https:\/\/www.atalaya.eu\/actualidad\/banco-de-imagenes\/"]}]},{"@type":"BreadcrumbList","@id":"https:\/\/www.atalaya.eu\/actualidad\/banco-de-imagenes\/#breadcrumb","itemListElement":[{"@type":"ListItem","position":1,"name":"Portada","item":"https:\/\/www.atalaya.eu\/actualidad\/"},{"@type":"ListItem","position":2,"name":"Banco de Im\u00e1genes"}]}]}},"_links":{"self":[{"href":"https:\/\/www.atalaya.eu\/actualidad\/wp-json\/wp\/v2\/pages\/314","targetHints":{"allow":["GET"]}}],"collection":[{"href":"https:\/\/www.atalaya.eu\/actualidad\/wp-json\/wp\/v2\/pages"}],"about":[{"href":"https:\/\/www.atalaya.eu\/actualidad\/wp-json\/wp\/v2\/types\/page"}],"author":[{"embeddable":true,"href":"https:\/\/www.atalaya.eu\/actualidad\/wp-json\/wp\/v2\/users\/1"}],"replies":[{"embeddable":true,"href":"https:\/\/www.atalaya.eu\/actualidad\/wp-json\/wp\/v2\/comments?post=314"}],"version-history":[{"count":21,"href":"https:\/\/www.atalaya.eu\/actualidad\/wp-json\/wp\/v2\/pages\/314\/revisions"}],"predecessor-version":[{"id":748,"href":"https:\/\/www.atalaya.eu\/actualidad\/wp-json\/wp\/v2\/pages\/314\/revisions\/748"}],"wp:attachment":[{"href":"https:\/\/www.atalaya.eu\/actualidad\/wp-json\/wp\/v2\/media?parent=314"}],"curies":[{"name":"wp","href":"https:\/\/api.w.org\/{rel}","templated":true}]}}